2 - h + 2. Suppose -g = 3, -2*g = -d - 0*g + 9. Give v(d).
-13
Let l(c) = -c - 3. Let z = -16 - -19. What is l(z)?
-6
Let k(c) = -11*c**3 - c**2. Suppose -8 = -h - 3*j, 8 = -2*h + 3*j - j. Give k(h).
10
Let w(d) = d**2 - 4*d - 3. Let a be w(5). Let k(p) = 6*p**2 - 8*p - 3. Let o(v) = 3*v**2 - 4*v - 1. Let q = -10 - -17. Let i(f) = q*o(f) - 3*k(f). What is i(a)?
6
Let h be 0/(-2) + (-2)/6*0. Let b(f) = f**2 - f. Determine b(h).
0
Let g(d) be the third derivative of -4*d**2 + 0*d + 0 + 1/24*d**5 + 1/24*d**4 + 2/3*d**3. Let x(j) be the first derivative of g(j). What is x(-1)?
-4
Let m(o) be the second derivative of -o**3/6 - o**2 - 5*o. Let d = 10 - 15. Calculate m(d).
3
Let u(k) = 0*k + 3*k + 12 - 4*k - 6. What is u(-7)?
13
Let x(o) = -3*o + 2. Let s be (-2)/(-1*(2 - 4)). Let a be (2 - 0)/(s/2). Calculate x(a).
14
Let r(i) = -3*i - 1. Suppose -3*o = l - 0*o, 4*l = o - 26. Let t = -4 - l. Determine r(t).
-7
Let m(n) = -n - 4. Let d(k) = -2*k - 7. Let b(z) = -4*d(z) + 7*m(z). Let g(i) = -3*i + 5*i + 1 - 1. Let a be g(-3). Give b(a).
-6
Suppose -3*z = 2*p + 3, 0*z + 9 = 3*z - 2*p. Let n(l) = 1 + 0 - 8 + 4 + 2 + 4*l. Give n(z).
3
Let s(h) = 6*h**2 + 257 - 256 + 0*h**2. Give s(-1).
7
Let i be (-1)/(-3) + 11/3. Let o(m) = -2*m + 6. Let x be o(i). Let r be (x/((-4)/6))/(-1). Let g(t) = -t**3 - 3*t**2 - 3*t - 4. Determine g(r).
5
Suppose 3*j - 48 = 11*j. Let l(i) = -2*i**2 - 10*i - 7. Give l(j).
-19
Let j(t) = 2 - 1 + 6*t - t**2 + 0*t**2. Suppose w + 2*z - 22 = 0, w + 4*z = z + 26. Suppose -4*r + 2*n = 4*n - 18, 2*r - 4*n = w. Give j(r).
6
Suppose -3*f - g = -17, 3*f + 1 = g + 8. Let n(d) be the first derivative of d + 2*d**2 + 1/4*d**f - 3 - 2*d**3. What is n(5)?
-4
Suppose -4*q + 20 = -2*q. Let i be 24/q - 4/10. Let r(b) = 0*b**i - b**3 - 4*b - 2 + 2*b**2 + 2*b**3. What is r(-3)?
1
Let r(w) = w. Let g be r(3). Suppose 0*u = -u - 3. Let j = g - u. Let v(z) = z**3 - 6*z**2 - z - 1. Give v(j).
-7
Let k = -65 + 64. Let c(r) = 4*r**3 - r - 1. Calculate c(k).
-4
Let f(a) = a**2 - 8*a + 6. Suppose -3*w = -3*y - 0*w + 57, w = -2*y + 26. Suppose -y*s = -13*s - 12. Determine f(s).
-6
Let p(j) = -j**3 - 14*j**2 + 15*j - 13. Let z(k) = k**3 + 13*k**2 - 14*k + 12. Let t(u) = 5*p(u) + 6*z(u). Calculate t(-9).
7
Let c(s) = -s + 1. Suppose -z - 10 = -2*z. Suppose 4*f + k - 29 = -12, 0 = -2*k + z. Calculate c(f).
-2
Let i(w) be the third derivative of -7*w**2 - 3/2*w**3 - 1/3*w**4 + 0*w - 1/60*w**5 + 0. What is i(-7)?
-2
Let z(h) = -h**3 - 6*h**2 - 5*h - 5. Let n(m) = -2*m - 1. Let i be (-4 - -6) + 0 + 0. Let d be n(i). Calculate z(d).
-5
Suppose -17 = 3*j + x, -2*j = -j + 2*x + 14. Let d(t) = -t**2 - 5*t + 4. Determine d(j).
8
Suppose 3*f + 5*a - 2 = -0*a, 2*f = 5*a + 18. Suppose -4 = -5*q + f*q. Let u(p) = p**2 - 5*p - 3. Calculate u(q).
-7
Let s(q) be the second derivative of -q**4/12 + q**3/2 - q**2 + 17*q. Suppose 3*y + y + 24 = 0. Let p(h) = h - 1. Let v(b) = y*p(b) + s(b). What is v(-5)?
-6
Let k(p) = p**2 - 11*p + 7. Let v(s) = s**2 - s. Let o(t) = -k(t) + 2*v(t). Determine o(-7).
-21
Let t(u) = -u**3 + 2*u + 2. Let v be t(0). Let o(a) be the first derivative of 7/2*a**v + 1 + 1/3*a**3 + 7*a. Give o(-5).
-3
Let g be 1/((-3)/(-9*1)). Let v(x) = 1 - 1 + g*x. Let m(b) = 3*b - 39. Let u be m(14). Calculate v(u).
9
Suppose -1 = 3*j + 5. Let s(v) = -2*v**2 - 3*v - 1. What is s(j)?
-3
Let l(w) be the first derivative of w**4/12 - w**3 - 5*w**2/2 - w + 1. Let a(v) be the first derivative of l(v). Give a(6).
-5
Let n(y) = y**2 + 8*y + 7. Let g be n(-7). Let k(u) = u**3 - 5*u**2 + g*u**3 + 7*u + 3*u**2 + 9*u**2 - 1. What is k(-6)?
-7
Let q(f) be the first derivative of f**2 - 5*f + 8. Calculate q(4).
3
Let k(m) = 2*m. Suppose -2*j - 2*w = 0, -1 + 5 = 2*j + 3*w. What is k(j)?
-8
Suppose 5*n - n + 21 = -z, -n + 5*z = 0. Let p(j) = -j - 4. Calculate p(n).
1
Let u be 0 + (2 - (7 + -1)). Let k = 8 + u. Suppose 2*j - d - 12 = d, k*j - 16 = 2*d. Let s(t) = -t**2 + 4*t - 3. Give s(j).
1
Let y(o) = 8*o - 4*o**2 + 4 - 5*o + 2*o**2 + o**2. Determine y(7).
-24
Let y(w) = 4*w**3 + w**2. Let a = 5 + -4. Let b be a/((4/(-4))/1). Calculate y(b).
-3
Let d(c) = c**2 + 9*c + 6. Let k = -64 + 56. Determine d(k).
-2
Let p(c) be the third derivative of c**6/120 - c**5/10 + c**4/6 + c**2. Let l = 18 - 1. Suppose -5*m = -b + 15, -3*m = 3*b - 4*m - l. Calculate p(b).
-5
Let r = 4 - 1. Let n(u) = -r*u**2 + 2*u**2 + 4*u**2 - 2*u. Determine n(2).
8
Let f(v) = -6*v**2 - 9*v + 1. Let a(u) = -5*u**2 - 8*u. Let n(d) = -5*a(d) + 4*f(d). What is n(-4)?
4
Let o(d) be the third derivative of -d**5/120 + d**4/6 - d**3/6 - 3*d**2. Let v(n) be the first derivative of o(n). Give v(3).
1
Let v(i) be the third derivative of 1/30*i**6 + 0*i + 0 - 1/6*i**3 + 1/30*i**5 + 0*i**4 + 5*i**2. Give v(-1).
-3
Let b = 3 - 3. Suppose b = 5*s + 2*f - 15, -s + 4*f = 3*f + 4. Let i(w) = -6*w - 1. Determine i(s).
-7
Let y be 1 - (-1)/(1 - 2). Suppose 2*x = 6 - y. Suppose 14 = -4*b - 0*g - 2*g, x*b = -4*g - 3. Let h(o) = -o**2 - 6*o - 1. Calculate h(b).
4
Suppose 4 = -2*y + 5*c, -4*y + 0*y + 2*c = -8. Let g = y + 0. Let m(x) = x - x**2 + 2*x**2 + x**3 + g - 5*x**2. Determine m(4).
7
Let k(f) = -f - 5. Let t be ((-12)/9)/(4/(-6)). Suppose t*q = q. Calculate k(q).
-5
Suppose 2*d - 15 = -3*y, -2*d - 2*y = -4*d. Let t(r) = r + 4. Let a(w) = -2*w - 5. Let g(b) = 4*a(b) + 6*t(b). What is g(d)?
-2
Let i = 5 + 7. Suppose -5*t - i = 2*z, 2*z + 9 = -z - 3*t. Let f(r) = 0*r**2 - 1 - 2*r - 8*r**2 + 4*r**2. Calculate f(z).
-3
Suppose -5*o + 7 + 3 = 0. Let k(n) = n**3 - 5*n**2 - 5 - o*n**3 + 4*n + 2*n**3. Determine k(4).
-5
Let c(s) be the first derivative of -5*s**3/3 + s**2 + s - 1. Suppose 2*v - 3*l + 2*l = 7, -5*l = 3*v + 22. Let h be (1 - -1) + (-2 - v). Calculate c(h).
-6
Let l(q) = -3*q**2 - q + 1. Let j = 40 - 42. Determine l(j).
-9
Suppose d - 27 = -2*d. Let j(m) = 2*m**3 + m**2 - 10*m - 1. Let o(u) = 2*u**3 + 7*u - 2*u - 3*u**3. Let y(p) = d*o(p) + 4*j(p). What is y(5)?
-4
Let x(j) = j**3 - 3*j**2 - 4*j - 2. Let b(l) = -l - 2. Let a(r) = -3*r. Let g = 3 - 1. Let q be a(g). Let p be b(q). Determine x(p).
-2
Let r(n) = -n**2 - 9*n - 4. Let u(x) = x. Let d be (-5)/(-3*3/(-9)). Let i(c) = d*u(c) - r(c). Determine i(-3).
1
Let z(i) = i - 6. Let q be 0/(((-2)/8)/((-3)/36)). Give z(q).
-6
Let w(h) = -6 + 70*h + 13 + h**2 - 64*h + 3. Calculate w(-7).
17
Let o(u) = 5*u**3 + 10*u**2 - u - 6. Let i(x) = -9*x**3 - 19*x**2 + 2*x + 11. Let k(m) = -6*i(m) - 11*o(m). Let p be 4 + 2*((-2)/(-2))/(-2). Give k(p).
6
Let h(y) be the second derivative of y**5/120 + y**4/24 + y**3/2 - 2*y. Let m(z) be the second derivative of h(z). Calculate m(-4).
-3
Let i(x) = 2*x**3 + 3*x**2 - 13. Let m(f) = 3*f**3 + 5*f**2 - 19. Let z(p) = -7*i(p) + 5*m(p). What is z(-4)?
-4
Let z(p) = -13*p**2 - 10*p + 10. Let u(d) = -9*d**2 - 7*d + 7. Let b(x) = -7*u(x) + 5*z(x). Calculate b(1).
-2
Let s(n) = -3*n**3 + 5*n**2 + 8*n - 5. Let v(p) = -4*p**3 + 8*p**2 + 12*p - 7. Let r(g) = 7*s(g) - 5*v(g). Let b be -4 + (0 + -2)/(-2). Calculate r(b).
-6
Let p(v) = -6*v - v + 49 + v**2 - 48 + 0*v. Determine p(5).
-9
Let a = -7 - -11. Let x(n) = 5*n + 4. Let u be x(-2). Let i = u + a. Let h(o) = 6*o + 3. Give h(i).
-9
Let q(z) = -z**3 + 2*z**2 + 4*z + 1. Let r be q(3). Suppose r*i + 3*p = -15, -7*i + 3*p = -3*i - 15. Let w(m) = -1 + 2*m - 3*m + i. Determine w(1).
-2
Let h(v) = v - 5. Let x = -7 - -16. Let p be h(x). Let n(k) = k**2 - 8*k + 5. Determine n(p).
-11
Let g(x) = x. Suppose 5*a + 2 = -3. Let b be (-5 + 6)*(-6 - a). Give g(b).
-5
Suppose -d - 2 = -4*s, 4 + 2 = -s - 3*d. Let t = s - 0. Suppose t*k - 3*k = -9. Let u(m) = m**3 - 4*m**2 + 2*m + 3. Give u(k).
0
Let h(a) be the third derivative of a**6/120 - a**5/12 - 5*a**4/24 - 2*a**3/3 - 18*a**2. Calculate h(6).
2
Suppose 0 = -3*t - 17 + 2. Let q(i) = -3*i**2 - 28*i - 13. Let k(s) = s**2 + 9*s + 4. Let z(o) = -7*k(o) - 2*q(o). What is z(t)?
8
Let y be -4 - (-14)/2 - 0. Let g(p) = -2 + p + 2 - 3. Determine g(y).
0
Let c(k) be the first derivative of k**3/3 + k**2 + k + 2. Determine c(-3).
4
Let h = 27 + -22. Let z(x) = -3*x**2 + 1. Let v(r) = -8*r**2 - r + 3. Let l(w) = 4*v(w) - 11*z(w). Determine l(h).
6
Let s(d) = 5*d**2 - 7*d - 40. Let v(x) = -2*x**2 + 3*x + 19. Let u(t) = 3*s(t) + 7*v(t). Calculate u(0).
13
Let p(t) = 2*t*